 k. Calculate the highest common factor of a and y.
6
Let x(k) = 4*k**2 - 6*k + 5. Let l be x(5). Let a(s) = s**3 + 57*s**2 - 156*s - 12. Let i be a(3). Calculate the highest common factor of i and l.
15
Let v = -17 + 42. Suppose 19 = 5*b - 3*w, b + 5*w = 8 + 7. Suppose -17*f = b*f - 1650. Calculate the highest common divisor of f and v.
25
Suppose -v + 22 = 4*n - 9, n = -v + 7. Let b(j) = 37*j**3 - 2*j. Let h be b(-1). Let t = -31 - h. What is the greatest common factor of t and n?
4
Let y(r) be the second derivative of r**5/5 - r**4/6 - r**3 - 12*r**2 - 2*r + 13. Let b be y(5). Calculate the greatest common factor of b and 36.
36
Suppose 1278*l - 1263*l = 1140. What is the greatest common factor of 1178 and l?
38
Let t = 37 - 21. Let q be 2*-8*(-28)/t. Let w be 16/168 + -4*365/(-105). What is the greatest common factor of q and w?
14
Suppose -3*b - 5*s - 569 = -126, 3*b + 2*s = -440. Let o = 174 + b. What is the greatest common divisor of o and 14?
14
Suppose -2*x - 326 = -3*d, -2*x + 312 = 2*d + 88. What is the greatest common factor of 11330 and d?
110
Let n(l) = 24*l - 108. Let c be n(7). Calculate the greatest common divisor of 516 and c.
12
Suppose 17*w - 219024 = -631*w. Let t be 464/18 + 6/27. Calculate the highest common factor of w and t.
26
Let q be ((-2)/(-4))/((-84)/(-9576)). Calculate the greatest common divisor of 304 and q.
19
Suppose -30*s = 3228 - 3670 - 8438. What is the greatest common divisor of s and 18056?
296
Let l = 16 - -39. Suppose 0 = 15*d - 20*d + l. Suppose -12*y + 48 = -d*y. What is the greatest common divisor of 16 and y?
16
Let p = -9 + 41. Suppose 236 = 4*q + p. Calculate the highest common factor of q and 459.
51
Let z be 5 - (-3*2/(-27) - (-69441232)/(-10143)). What is the greatest common factor of z and 52?
13
Let x = 413 + -638. Let f be (x/6)/((-24)/64). Calculate the greatest common factor of f and 20.
20
Suppose -26 = -2*n + 2*s, 2*n + 3*s + 1 = 52. Suppose 0 = -a - r - 1, 4*r = -7*a + 2*a. What is the greatest common factor of a and n?
2
Suppose 5*g - 149 = 4*i, -39*i = -4*g - 36*i + 119. Calculate the greatest common divisor of 8932 and g.
29
Suppose 0 = -3*i - 12, 2*g - 655 = -3*i + 533. What is the highest common factor of g and 2325?
75
Let w(j) = -129*j**2 - 16*j + 6. Let t be w(-3). Let r be 2/3*t/(-18). What is the highest common factor of r and 287?
41
Let x = -278 + 318. Let h = -107 - -127. Calculate the greatest common factor of x and h.
20
Suppose -2189*j - 43520 = -2257*j. What is the highest common divisor of 504 and j?
8
Let t(z) be the first derivative of 4*z**3/3 - 13*z**2/2 - 30*z + 27. Let v be t(-5). What is the greatest common divisor of v and 54?
27
Suppose 0 = f - 3*h - 255, 0 = 4*h + 3 + 1. Suppose 14*l - 8*l = f. Calculate the greatest common divisor of l and 315.
21
Let o(q) = -117*q - 2. Let s(v) = 116*v + 3. Let c(j) = -5*o(j) - 6*s(j). Let n be c(-3). What is the highest common factor of n and 13?
13
Suppose y = 2 + 49. Suppose 72 = y*h - 48*h. Let k be h + (1 - (3 - -2)). What is the highest common factor of 100 and k?
20
Let x(b) = -7 - 2 + 3*b - 17 + 44. Let l be x(8). What is the greatest common divisor of l and 63?
21
Suppose -5*k + 54 = -346. Let j = 32 - 36. Let w be (0 - -2)*(j + (0 - -9)). What is the highest common factor of k and w?
10
Let m = -126 - -168. Suppose -6*l = l - 392. Calculate the highest common divisor of m and l.
14
Suppose 7472 = 5*h + 9*o - 11*o, -5*o - 5964 = -4*h. Calculate the greatest common factor of 352 and h.
88
Suppose 3*j - 5*i - 216 = -6*i, j - 72 = -i. Calculate the highest common divisor of j and 1572.
12
Suppose i - 1 = -2*s, 0*s + 4*i = 3*s - 18. Suppose -s*p + 25 = -p. Let m = 1046 + -1031. What is the highest common divisor of m and p?
5
Let m = 24 + -4. Let x be (144/m)/(7/5 - 1). Suppose -3*d + 5*g - g = -36, -2*d + g + 24 = 0. Calculate the greatest common divisor of d and x.
6
Let h(p) = p**2 + 3*p - 10. Suppose -5*u + 4*u + 17 = 3*j, 0 = 3*u - 6. Let l be h(j). Calculate the highest common factor of l and 18.
6
Suppose -344*l + 818 = -1463 - 8039. Let w(k) = k. Let y be w(-4). Let g be ((-5)/y)/((-6)/(-96)). What is the highest common factor of l and g?
10
Suppose 0 = 4*y - 14*y + 2460. Let d = 354 - y. Calculate the highest common divisor of d and 27.
27
Let z be 1/13 - (-2790)/234. Calculate the greatest common factor of z and 21.
3
Let m = -128 - -102. Let g = m - -164. Suppose -2*a + 122 = -4*b, -2*a + 0*b - 4*b = -g. What is the highest common divisor of 5 and a?
5
Let a be ((-8)/(-2) - 114/33)/(2/44). Calculate the highest common factor of 16812 and a.
12
Let i = -3301 - -3330. What is the highest common divisor of i and 232?
29
Let i be 2 + 1697 - 656/(-41). Calculate the highest common factor of i and 35.
35
Suppose 3*c - l + 13 = c, -3*c - 3 = 4*l. Let g be 22/1*(75/3)/c. Let f be ((-9)/5)/(33/g). What is the greatest common divisor of f and 1?
1
Let c be 12*1 - (4 - 2). Suppose 0 = 3*l - 80 + 68. Suppose 3*i = -t + 152, -4*t + 196 = l*i - 6*t. Calculate the highest common factor of i and c.
10
Suppose 0 = -3*y - 3*g + 474, -5*y = -3*y + 3*g - 312. Let n = 17 - 35. Let m be 6/3 - (-3 - -5) - n. Calculate the highest common factor of y and m.
18
Suppose 5*v = 0, 5*v + 930 = -4*n - n. Let y be 1214/22 + (-3 - n/66). Let z be 1*22*6/12. What is the highest common divisor of z and y?
11
Let f(d) = 19*d - 1. Let z be f(4). Let p be (z/(-10))/(1/(-2)). Let l = -107 + 113. Calculate the greatest common factor of l and p.
3
Let z(b) be the first derivative of b**3/3 - 13*b**2/2 + 25*b + 16. Let j be z(11). Suppose -j*h = -h - 112. What is the greatest common divisor of 14 and h?
14
Suppose 11*v - 140 = -129. Let d be v/11 - 15657/(-561). What is the highest common factor of d and 7?
7
Let z be 12/(2 + (-5)/4). Suppose -z*t = -2*t - 1386. Calculate the greatest common divisor of 36 and t.
9
Let d(j) = j**2 - 3*j + 6. Let x be (1*(-1)/1)/(5/(-25)). Let r be d(x). Suppose 3*o - r = 5. What is the greatest common factor of o and 7?
7
Let r(h) = -h**2 + 9*h - 11. Let y be r(6). Suppose 0 = 4*g + i - 959, 7*i + 1270 = 4*g + 367. Calculate the highest common divisor of g and y.
7
Suppose -6*x + 420 = -3*x. Let m = 1172 - 1122. Suppose 2*q = -2, 4*q + 66 = 2*b - m. Calculate the highest common divisor of b and x.
28
Suppose 0 = 20*a - 2652 + 226 + 46. Let o = 35 + 0. Calculate the greatest common divisor of a and o.
7
Suppose -78*f = -53*f - 8400. What is the greatest common divisor of 2940 and f?
84
Let q(g) be the third derivative of 19*g**4/24 + g**3/6 - 66*g**2. Let f be q(1). Calculate the greatest common divisor of 24 and f.
4
Let s be (22 - (2 + 3)) + -4. Suppose 31 = s*u - 60. Calculate the highest common divisor of u and 273.
7
Suppose 0 = -12*a + 2246 + 3394. What is the highest common divisor of a and 35?
5
Suppose 0 = -4*d + 3*d + 2*m - 2, 4*d = -3*m + 36. Suppose -46 = -3*c + 2*w, 5*c + d = -2*w + 56. Calculate the highest common factor of c and 84.
12
Suppose -125*o + 136*o - 22 = 0. What is the highest common divisor of 45 and o?
1
Let m(h) = h + 82 - 82 + 7*h**2. Let w be m(1). Let i(t) = -t + 19. Let v be i(w). What is the greatest common factor of 1 and v?
1
Suppose -143 + 919 = 4*p. Let y = -184 + p. What is the greatest common divisor of y and 4?
2
Let v(u) = 23*u - 411. Let x be v(20). Calculate the greatest common divisor of x and 12544.
49
Let b be (-5)/(595/(-411043)) - 1/7. What is the highest common divisor of 99 and b?
11
Suppose x = -5*s + 3, -3*x + 0 + 9 = 0. Suppose 70 = 2*b - s*b. Let v be -245*(-1 + 2)*-1. What is the greatest common divisor of b and v?
35
Suppose 7*q - 4*q = p - 11, -4*p + 2*q + 24 = 0. Let o be (-724)/(-14) - (p - (-185)/(-35)). What is the highest common factor of o and 104?
52
Let o be 1566/(-24)*((-16)/(-6))/1. Let t = o - -192. Calculate the greatest common divisor of 54 and t.
18
Let u = 1001 - 701. Let m be u/(-40)*(-144)/15. What is the greatest common divisor of m and 63?
9
Suppose 249 = k - 133. Suppose -3*n + 122 + k = 0. Calculate the highest common divisor of n and 21.
21
Let f = 602 + -319. Let c = f - 31. Suppose -4*i - c = -1440. What is the highest common divisor of i and 27?
27
Let a be (12 - -2) + 7/(35/(-10)). Suppose 0 = 3*w + 11*s - 10*s - 1153, w + 4*s - 